177263 a prime number?
False
Is 24541403 prime?
True
Is 123055445 composite?
True
Is 6011683 a prime number?
False
Is 766333 a prime number?
True
Is 6873311 a composite number?
False
Is 14570053 composite?
True
Is 21124577 a prime number?
True
Is 55936151 a prime number?
True
Is 67256795 composite?
True
Is 18376909 prime?
False
Is 7979623 prime?
True
Is 64092707 composite?
True
Is 157552987 composite?
True
Is 177407279 prime?
False
Is 149054099 prime?
False
Is 4124621 a composite number?
False
Is 20599321 prime?
False
Is 8057851 prime?
True
Is 8438645 a composite number?
True
Is 71923447 prime?
False
Is 1914595 a prime number?
False
Is 1439209 composite?
False
Is 26974553 a composite number?
True
Is 15999359 composite?
False
Is 128507801 prime?
False
Is 1593743 a composite number?
False
Is 35459899 a prime number?
False
Is 1048769 a prime number?
False
Is 570386537 a prime number?
False
Is 2058733805 prime?
False
Is 23951171 composite?
False
Is 865999 prime?
False
Is 104731 a prime number?
False
Is 11441823 a prime number?
False
Is 7574269 composite?
False
Is 81778471 composite?
False
Is 13669001 a composite number?
False
Is 28602841 composite?
False
Is 356327029 prime?
True
Is 23292557 composite?
False
Is 540039997 a composite number?
True
Is 1566511 prime?
False
Is 249455761 composite?
True
Is 5707183 a prime number?
True
Is 89217451 a composite number?
True
Is 2493223 a composite number?
True
Is 15252227 prime?
True
Is 7427443 a prime number?
True
Is 807981 a prime number?
False
Is 33035633 a prime number?
True
Is 65510723 a prime number?
True
Is 53547971 composite?
False
Is 5239309 composite?
True
Is 11576699 a composite number?
True
Is 8273129 a composite number?
False
Is 2941471 prime?
False
Is 16263281 a composite number?
False
Is 6422929 prime?
True
Is 1836803 a composite number?
True
Is 8208581 composite?
True
Is 9058957 a composite number?
False
Is 12366763 composite?
False
Is 55395121 prime?
True
Is 392872111 a composite number?
False
Is 782093063 prime?
False
Is 58630529 prime?
True
Is 1521173 composite?
True
Is 12701 prime?
False
Is 8182973 a composite number?
False
Is 1082956207 a composite number?
False
Is 11191871 composite?
True
Is 544037 composite?
True
Is 729329 prime?
True
Is 237453319 a composite number?
False
Is 201432967 composite?
True
Is 5134489 a composite number?
True
Is 829869 prime?
False
Is 7366063 composite?
False
Is 11446793 prime?
False
Is 11284681 composite?
True
Is 27962317 prime?
True
Is 11795857 prime?
True
Is 14052139 prime?
False
Is 142648315 prime?
False
Is 3349009 prime?
False
Is 12078083 a prime number?
False
Is 27686279 a prime number?
True
Is 45055481 prime?
True
Is 14077681 composite?
False
Is 1601953 a prime number?
True
Is 418763 prime?
True
Is 22409 a prime number?
True
Is 77438351 prime?
False
Is 4975059 a composite number?
True
Is 122566 a composite number?
True
Is 144046807 prime?
False
Is 1495321 a composite number?
False
Is 27173 a composite number?
True
Is 1788011 prime?
True
Is 44528618 prime?
False
Is 131276767 prime?
True
Is 33821593 composite?
True
Is 10047662 a composite number?
True
Is 47706749 composite?
False
Is 1426021 a composite number?
True
Is 17228957 composite?
False
Is 122919 prime?
False
Is 11714147 prime?
True
Is 1349765 composite?
True
Is 271458079 composite?
False
Is 42058859 a prime number?
False
Is 15757873 a composite number?
False
Is 20828029 prime?
True
Is 1549673 prime?
False
Is 116558765 a prime number?
False
Is 4021253 prime?
False
Is 9841459 a composite number?
True
Is 342015031 a prime number?
True
Is 127560013 a prime number?
False
Is 5579539 composite?
True
Is 1031809 prime?
True
Is 139822237 a composite number?
True
Is 2266163 composite?
False
Is 848123747 prime?
True
Is 367307 a composite number?
False
Is 2263117 a prime number?
True
Is 1412989 composite?
True
Is 64619207 a composite number?
False
Is 29253251 prime?
False
Is 217909643 a prime number?
False
Is 67630811 a prime number?
False
Is 7510249 a prime number?
True
Is 72275627 prime?
False
Is 15897909 prime?
False
Is 2406581 a prime number?
False
Is 622598 a prime number?
False
Is 17271359 prime?
False
Is 21661 prime?
True
Is 9549101 a composite number?
False
Is 320544293 a composite number?
True
Is 13398865 prime?
False
Is 195025249 a prime number?
True
Is 24799637 a prime number?
True
Is 190349 a composite number?
True
Is 460077 composite?
True
Is 17398427 a composite number?
True
Is 16466449 a prime number?
True
Is 83621201 a prime number?
False
Is 2081 a composite number?
False
Is 1171199 prime?
True
Is 106116443 composite?
False
Is 26579587 composite?
False
Is 29479 a composite number?
True
Is 30023495 a prime number?
False
Is 32608259 a prime number?
True
Is 9046321 a prime number?
False
Is 1349827 a composite number?
False
Is 2742073 composite?
False
Is 204834229 a composite number?
False
Is 42859181 prime?
True
Is 11916313 composite?
False
Is 255515753 a composite number?
True
Is 435779 prime?
True
Is 8360867 prime?
True
Is 22691711 prime?
False
Is 87066709 prime?
True
Is 51642887 a composite number?
False
Is 2110177 composite?
False
Is 17703943 a prime number?
True
Is 23323441 prime?
True
Is 508603 a prime number?
False
Is 4349383 a composite number?
True
Is 109055027 a composite number?
True
Is 592261 a prime number?
True
Is 13626049 a prime number?
True
Is 24843701 composite?
False
Is 9717179 composite?
True
Is 194973481 a prime number?
False
Is 3403889 a composite number?
True
Is 7897693 composite?
True
Is 150643555 composite?
True
Is 38752921 a composite number?
False
Is 12555547 a composite number?
False
Is 1881863 composite?
False
Is 44249 a prime number?
True
Is 27318127 a composite number?
False
Is 10104019 prime?
False
Is 198739694 composite?
True
Is 723370157 a prime number?
True
Is 65107847 a composite number?
True
Is 6096599 composite?
True
Is 170035847 prime?
True
Is 118770203 a composite number?
False
Is 7758481 a prime number?
False
Is 143421991 composite?
False
Is 7016389 a prime number?
True
Is 8077291 composite?
True
Is 40438487 a composite number?
True
Is 1617619 composite?
False
Is 9627539 prime?
False
Is 4254035 composite?
True
Is 25868639 prime?
False
Is 53630239 prime?
False
Is 904051 composite?
True
Is 31133633 composite?
True
Is 138745393 prime?
False
Is 4768549 prime?
True
Is 2247823 prime?
False
Is 3225455 a prime number?
False
Is 7221077 composite?
False
Is 2780903 a composite number?
True
Is 4798879 prime?
False
Is 695414 a composite number?
True
Is 18059581 a prime number?
False
Is 6312443 a composite number?
True
Is 170512763 a prime number?
True
Is 2396663 prime?
False
Is 179764367 prime?
False
Is 1231247 composite?
False
Is 16866323 composite?
True
Is 152693599 composite?
False
Is 201992423 composite?
False
Is 16227011 a prime number?
True
Is 78457387 a composite number?
False
Is 9393427 prime?
True
Is 649259293 prime?
True
Is 48563 composite?
False
Is 199275421 prime?
True
Is 561299 composite?
True
Is 2307761 prime?
False
Is 61460683 a prime number?
False
Is 142442717 composite?
True
Is 1889309 a composite number?
False
Is 6176263 prime?
False
Is 216566457 composite?
True
Is 35464297 a composite number?
True
Is 46172771 a composite number?
False
Is 26960407 prime?
True
Is 151193543 prime?
True
Is 3235303 composite?
True
Is 27713537 prime?
True
Is 53893081 composite?
True
Is 7059769 composite?
True
Is 48754061 prime?
True
Is 18360058 a composite number?
True
Is 9636202 a composite number?
True
Is 5627291 prime?
False
Is 68110349 a prime number?
True
Is 132805883 a composite number?
True
Is 75451969 a composite number?
False
Is 55522691 composite?
True
Is 24321793 prime?
True
Is 15022913 prime?
True
Is 392793283 a prime number?
False
Is 95283193 a prime number?
True
Is 82997 composite?
False
Is 13315279 composite?
True
Is 10729009 a composite number?
True
Is 112042607 a prime number?
False
Is 4091239 a composite number?
False
Is 32071913 a prime number?
False
Is 20691259 composite?
False
Is 61884089 prime?
True
Is 71440549 composite?
False
Is 31172081 a composite number?
True
Is 5480269 a composite number?
False
Is 3680207 composite?
True
Is 121129 composite?
True
Is 200191 prime?
True
Is 210562483 prime?
True
Is 1631843 composite?
False
Is 7907371 a prime 